et i(h) = 3*h + 10. Give i(z).
-5
Let p(z) = 2*z**3 - 19*z**2 + 13*z - 14. Let j(b) = b**3 - 9*b**2 + 6*b - 8. Let a(l) = -5*j(l) + 2*p(l). What is a(7)?
-16
Let z(q) = q**3 + 4*q**2 + q - 4. Suppose 458*t - 492*t - 102 = 0. Determine z(t).
2
Suppose 5*b + 27 = -3*g, 711*b - 712*b = 4*g + 19. Let q(l) = -35*l - 131. What is q(g)?
9
Let f(z) be the third derivative of 1/2*z**3 + 0 + 0*z - 44*z**2 + 1/6*z**5 + 1/120*z**6 + 3/8*z**4. Determine f(-9).
3
Let i(q) be the second derivative of q**6/720 - 7*q**5/120 + q**4/3 + 13*q**3/6 - 126*q. Let u(t) be the third derivative of i(t). Give u(10).
3
Let d(g) be the second derivative of -5*g**4/12 + g**3/3 - g**2/2 + g. Suppose 0 = 4*a + 16, h = 5*h + a. Give d(h).
-4
Let l(d) be the second derivative of d**5/20 - 13*d**4/12 + 5*d**3/3 + 31*d**2/2 + 13*d - 15. Calculate l(12).
7
Suppose 2*j - 16*f + 20*f = 0, 5*f + 5 = 0. Let z(r) = -8*r - 4. Calculate z(j).
-20
Let m(p) = 3*p**3 - p**2 - p - 1. Let d = 61 + 65. Suppose -6*i - d = -138. Give m(i).
17
Let t = -33 - -36. Suppose 3*k - 144 = t*s + s, -4*k + 5*s = -191. Suppose 13*i - k = 2*i. Let f(v) = v - 9. Determine f(i).
-5
Let x(w) = w + 4. Let m be 7 + (-14)/(-3) + (-10)/15. Suppose i = -7 + m. What is x(i)?
8
Let k(f) = -2*f + 3. Let t(p) = -p**3 - 19*p**2 + 91*p - 38. Let c be t(-23). What is k(c)?
33
Let k(f) = f - 8. Suppose 55 = 2*r - 3*a, -23*r + 26*r + 5*a - 35 = 0. Determine k(r).
12
Let d(p) = -12*p + 75. Let c(f) = -34*f + 212. Let z(y) = -5*c(y) + 14*d(y). Determine z(19).
28
Let c(b) = 39*b + 2*b**2 - 4807 + 9081 - 4610. Determine c(-26).
2
Suppose 40*w + 64 = 48*w. Let p(o) = -o**3 - 9*o**2 - 7*o + 3. Let r(s) = 3*s**3 + 19*s**2 + 13*s - 6. Let a(q) = 5*p(q) + 2*r(q). Determine a(w).
-5
Let v(w) = -17*w - 16*w + 45*w - 18*w. Give v(-1).
6
Let y(p) = p**2 + p. Let t(u) = 7*u**2 + 19*u + 8. Let x(q) = -t(q) + 6*y(q). Let b(o) = -o. Let h(s) = -2*b(s) + x(s). What is h(-9)?
10
Suppose 39*o - 15*o = 48. Let q(k) = -k**2 - k - 2. What is q(o)?
-8
Let t(h) = -h - 1. Let i(f) = -7*f - 1. Let p(n) = n**3 + 6*n**2 + 6*n + 30. Let w be p(-6). Let s(m) = w*t(m) + i(m). Calculate s(7).
-2
Let k(z) = 2*z - 19*z + 6*z + 3*z + 2*z**2 + 4*z. What is k(4)?
16
Let s = -323 - -330. Let a(d) = -9 + 4 + d**3 + 0 - 11*d + s - 7*d**2 + 5. What is a(8)?
-17
Let v be 1/(-4*3/(-12)). Suppose w - 2*p = -2, -v = -w - 0*w + 5*p. Let h(u) = -u + 1. Give h(w).
5
Let c(j) = 3*j + 149. Let y(g) = 17*g + 816. Let q(w) = 11*c(w) - 2*y(w). Let d be 4*(-2 - (-15)/6). Suppose -d*z + 14 = 5*u - u, -2*u = -3*z + 21. Give q(z).
0
Let i(b) = b**2 + 36*b - 234. Let u be i(-42). Let o(a) = 25*a + u*a - 37*a. Give o(-2).
-12
Let l = 3865 + -3862. Let u(a) = 14*a - 2. Let z(r) = 7*r - 1. Let f(d) = -6*u(d) + 11*z(d). Give f(l).
-20
Let s(z) = z**2 - z - 1. Let v(c) = 4*c**2 + 12*c + 5. Let g(n) = -s(n) + v(n). Give g(-3).
-6
Let a be 9 - (0/(-7) + 4). Let v(f) = 6*f**2 + f. Let b(q) = -29*q**2 + 4*q + 2. Let y(w) = a*v(w) + b(w). Give y(-11).
24
Let v(p) be the third derivative of -1/120*p**5 + 0*p**3 + 0*p - 20*p**2 - 5/6*p**4 + 0 + 1/720*p**6. Let r(f) be the second derivative of v(f). What is r(-1)?
-2
Suppose 294 + 336 = -9*u. Let a = u - -68. Let m(l) = -2*l**3 + l + 1. What is m(a)?
15
Let d(n) = n**2 + 7*n - 8. Let x(l) = -2*l**2 - 17*l + 9*l - 5*l + 15. Let w(r) = 5*d(r) + 3*x(r). Determine w(-7).
-16
Let l(x) = x**3 + 9*x**2 + 7*x + 5. Let d(r) = -9*r**2 + 29*r - 3. Let p be d(3). Let u be 32/(-6)*p/(-12)*-6. Determine l(u).
13
Let s(f) = -2*f + 19. Let h be (-12)/420*-100 - 1/(-7). What is s(h)?
13
Suppose 6 = -15*w + 9*w. Let x(a) = -18 + 63 + 2*a - 11 - 32. What is x(w)?
0
Let k = -21 - -26. Let l(h) be the second derivative of -5 - 1/12*h**4 + 5/6*h**3 + h + 2*h**2. Give l(k).
4
Let x(k) be the second derivative of -k**3 + 115*k**2 + 1786*k. Calculate x(38).
2
Let h = 1102 - 717. Suppose -12*g + h = 289. Let u(d) = d**3 - 9*d**2 + 8*d + 4. What is u(g)?
4
Let u be (-30)/(-80) + 53/8. Suppose 6*k + 4*o = u*k + 22, 5*k + o = -5. Let m(d) = -2*d**3 + d**2 - 2*d. Give m(k).
24
Let q(m) = 14*m - 2. Let y be q(1). Let n be y/4 - (3 - 2). Let r(h) = -n + h**2 - 3 + 3 - h + 0. Calculate r(-2).
4
Suppose -4*p + h = 6*h - 378, 0 = 4*p + 2*h - 372. Let y = 96 - p. Suppose -u = -4*d - 13 - 9, -d = -u + y. Let f(a) = 4*a + 3. What is f(d)?
-21
Let r(z) = -z**3 + 17*z**2 - 26*z - 21. Let h(x) = x**3 + x**2 + 42*x + 231. Let b be h(-4). Give r(b).
39
Let q(g) be the second derivative of -13*g**3/6 + 4*g**2 - 3*g + 5. Let i(a) = 24*a - 14. Let o(f) = -6*i(f) - 11*q(f). What is o(-3)?
-1
Let b(p) = 0*p + p - 6*p + 3*p - 2. Let v be b(-6). Suppose -4*j - 5*t + 32 = 0, -j + 5*t - v - 7 = 0. Let g(f) = f**3 - 2*f**2 + 5*f - 3. Calculate g(j).
21
Let p(j) = 7*j**2 + j - 2. Let z(w) = 40*w**2 + 18*w - 13. Let i(a) = 6*p(a) - z(a). Give i(5).
-9
Let p(s) be the third derivative of 1/120*s**6 + 0*s + 0 - 237*s**2 - 1/3*s**4 + 1/60*s**5 - s**3. Give p(-3).
0
Suppose -89*s - 35 = 3*f - 85*s, 0 = -3*f + 6*s + 15. Let v(o) be the third derivative of -o**6/120 - o**5/20 + 5*o**4/24 - 7*o**3/6 - 16*o**2. What is v(f)?
18
Let l be 3 + -8 - -2 - -6. Let f = -19 - -29. Suppose l*o - o - f = 0. Let q(g) = -3*g + 4. Calculate q(o).
-11
Let z be ((-2)/3)/(1/(-3)) - 2. Let a(x) = -3*x + 3 + z*x + x - x. Calculate a(-3).
12
Suppose -4*f + p = -16, -8*f + 3*f + 45 = 5*p. Suppose -5*y + 5 = f*l, -3*l + 3*y = l - 32. Let w(n) = n**3 - 11 + 6 - 6*n**2 + 8 + l*n. Give w(5).
3
Let k(f) = 2*f - 43*f - 38 + 14*f + 20*f. What is k(-8)?
18
Let t = 18 + -18. Suppose t = -k - 3*y + 11, 6*k = 3*k + 2*y. Let q(x) = -67*x + 143*x - x**3 - 75*x. Calculate q(k).
-6
Let g(y) = 3*y + 94. Let c(s) = 5*s + 233. Let t(w) = -3*c(w) + 7*g(w). What is t(-8)?
-89
Let d(g) = -g**3 - g**2 - g. Let o(b) = 2*b**3 + 32*b**2 + 4*b + 16. Let n(i) = 4*d(i) + o(i). What is n(14)?
16
Let p(s) = s**3 - 9*s**2 + 5*s + 9. Let z(l) = 26*l - 252. Let x = 210 - 200. Let o be z(x). Calculate p(o).
-15
Let o(d) be the first derivative of -d**4/4 - 19*d**3/3 + 7*d**2/2 + 130*d + 2576. Give o(-19).
-3
Let d be (1 - 20/(-4)) + 19. Let m(n) = -2 + d*n**2 + 2*n - 15*n**2 - 3*n - 7*n**2. Calculate m(-2).
12
Let b(t) = t**3 + t**2 + t + 7. Let o(a) = 2*a**3 + 3*a**2 + 2*a + 13. Let x(v) = -5*b(v) + 3*o(v). Let y be ((-2)/2)/(-39 - (-3476)/88). What is x(y)?
10
Let b(f) = -2*f**2 - 2594*f - 7772. Let k be b(-3). Let m(x) = -30*x - 223. Determine m(k).
17
Let y = -240 + 93. Let w be ((-4)/6)/(2/y). Let r(k) = k**3 - 49 + w - 2*k. Calculate r(-3).
-21
Let j(s) = 2*s**2 + 5*s - 5. Suppose 12*o - 26*o + 28 = 0. Let a be o*(-60)/(-32)*(-28)/21. Calculate j(a).
20
Let v(o) = o - 2. Let s(q) = q**3 - 14*q**2 + 4*q - 55. Suppose 0 = 7*l - 14 - 84. Let r be s(l). Determine v(r).
-1
Let q(s) = -14*s + 555. Let o be q(42). Let p(j) = -j**3 - 34*j**2 - 32*j + 24. Determine p(o).
-9
Let p(r) = r**3 + 5*r**2 + 2*r. Let b be ((-4)/(-5))/((-36)/(-90)). Let v be 2/(2/(-8)*b). Calculate p(v).
8
Suppose -27*p = -26*p + 7. Let d(b) = 47*b**2 + 17*b + 17. Let s(r) = -75*r**2 - 26*r - 26. Let a(y) = -8*d(y) - 5*s(y). Determine a(p).
-13
Let g(p) = -p**2 - 2*p + 1 - p + 0 - 4 + 11*p. Suppose 3*a = 5*r - 7 + 6, -3*r + 47 = 4*a. Determine g(a).
-3
Let m(g) = -3*g**3 + g**2 + 2*g - 2. Let k = -397 + 407. Let w = 39 + -35. Suppose 4*f - 12 = -o, o = 5*f - w*o + k. Calculate m(f).
-18
Let n(f) = -6*f + 6. Suppose -3*b + 26 = 4*a, 207*a - 211*a - 4 = -2*b. Calculate n(b).
-30
Let l be -1*((-44)/(-11) + 3). Let j(s) be the first derivative of -s**3/3 - 4*s**2 + 3*s - 5. Give j(l).
10
Let j(d) = d**2 - 75*d - 28. Let v(x) = -x**2 + 92*x + 28. Let a(z) = -5*j(z) - 4*v(z). Calculate a(10).
-2
Suppose 4*d - 15*a = -14*a - 124, 3*a = -3*d - 78. Let h be ((-15)/d)/(2/12). Let n(o) = -2*o + 3. Calculate n(h).
-3
Let c(j) = -2*j**2 + 24*j - 52. Suppose 10*i - 8*i = 16*i - 126. Calculate c(i).
2
Let g(t) = -t**3 - t**2 - 2*t + 1. Let v(p) = 6*p**3 + 8*p**2 + 10*p + 1. Let h(a) = 5*g(a) + v(a). Let x = -267 - -264. Give h(x).
6
Let h(a) be the first derivative of -2 - 11/2*a**2 + 0*a. What is h(2)?
-22
Let a be 4 - 6/(-8) - 2/(-8). Let y(p) = -9*p + 2*p - p + 5*p - a. Give y(-3).
4
Suppose 0 = g - 203 - 80. Let v = -285 + g. Let k(i) = -i**3 - i**2 + i + 1. Determine k(v).
3
Let x(q) = 46*q